+ r.
13
Suppose 0 = i + l - 27, 5*i = -0*l - 2*l + 147. Calculate the remainder when i is divided by 11.
9
Let v be (4*-1)/(16/(-248)). Suppose 2*q + v = j + 4*j, 0 = -5*q + 20. What is the remainder when 39 is divided by j?
11
Let x(d) = d**3 + 4*d**2 - 4. Let j be x(-3). Suppose 197 = j*z + 2. What is the remainder when z is divided by 20?
19
Let s(w) = -w**2 - 6*w. What is the remainder when 13 is divided by s(-5)?
3
Suppose 28 = 2*i - 0*l - 4*l, 5*i = 2*l + 46. Let w(h) = -2*h. Let t be w(-2). Let u = t + 11. Calculate the remainder when u is divided by i.
7
Suppose 4*p - 10 - 46 = 0. Calculate the remainder when 41 is divided by p.
13
Let q be (-3 + 4 + -3)/2. Let g(c) = -8*c**3 + 2*c**2 + c. Calculate the remainder when 26 is divided by g(q).
8
Let l(q) = q**2 + 4*q - 4. Let m be l(-5). Let u = 3 + m. What is the remainder when (2 + 15/(-6))*-14 is divided by u?
3
Let n(f) = -f**3 - 6*f**2. Let l be n(-6). Suppose l*c - 3*c = -33. What is the remainder when 21 is divided by c?
10
Let t = 5 - 1. Suppose 0 = 4*n - 4*b - 72 - t, 3*b = 0. Let f = n - 8. Calculate the remainder when 42 is divided by f.
9
Suppose -2*n + 5*t = n - 47, -2*t + 106 = 4*n. What is the remainder when 88 is divided by n?
16
Let w = 4 + -1. Suppose 0 = -3*s - 5*y + 4, 0 = 2*s - 3*y - 5 - 4. What is the remainder when w is divided by s?
0
Suppose 0 = j - 5*j + 44. Suppose -2*r + 0 = 8. What is the remainder when 21 + (-2)/r*-2 is divided by j?
9
Let s(c) = c**3 + 8*c**2 - 10*c + 8. Calculate the remainder when (-1)/(-4) - 518/(-8) is divided by s(-9).
14
Let h be (-70)/(-22) - 6/33. Suppose h*o + 34 - 122 = 4*u, -2*o = u - 44. Calculate the remainder when 47 is divided by o.
23
Let f = -4 - -7. Suppose -f*p + 65 = 2*p. Let c = 36 + -12. What is the remainder when c is divided by p?
11
Let d(j) = j**3 + 11*j**2 + j + 23. Calculate the remainder when d(-11) is divided by 4.
0
Let m = 255 + -92. What is the remainder when m is divided by 41?
40
Let z = -8 + 4. Let d = z + 16. What is the remainder when 22 is divided by d?
10
Let l(m) be the first derivative of -m**2 - 12*m + 2. What is the remainder when 15 is divided by l(-10)?
7
Let d = 12 + 0. What is the remainder when 99/(-6)*(2 + (-10)/3) is divided by d?
10
Let w be (2/(-4))/((-1)/6). Suppose -3*s + 5*a + 7 = 0, -4*a - 41 = -5*s - w*a. What is the remainder when 16 is divided by s?
7
Let k(y) = -5*y**3 + 2*y - 4. Let u be k(-3). Suppose f - u = -4*f. Calculate the remainder when f is divided by 14.
11
Let n(h) = 2*h**2 - 9*h + 14. What is the remainder when 16 is divided by n(4)?
6
Suppose 5*b = -2*s + 5, -2*b + 15 = 5*s + 34. Suppose b*p = -28 + 109. Calculate the remainder when p is divided by 14.
13
Let z = 76 - -57. Calculate the remainder when z is divided by 27.
25
Suppose -5*l + 29 = -4*l. What is the remainder when l is divided by 315/(-14)*(-4)/6?
14
Suppose 57 = 3*l + 4*h, 4*h + 29 = l + 2*h. Let x = l - 14. What is the remainder when 16 is divided by x?
7
Suppose -4*r - 3*s = -12, r = 4*r - 2*s - 9. Suppose -r*k = -5*k + 22. Let h = -2 + 6. What is the remainder when k is divided by h?
3
Let k = -45 + 76. Calculate the remainder when k is divided by 8.
7
Suppose -2*s + 98 = -3*b, -b = -4*s + 4*b + 196. Let r = s - 29. What is the remainder when r is divided by 7?
6
Let g(t) = t**3 + 4*t**2 - 3*t - 5. What is the remainder when 18 is divided by g(-4)?
4
Suppose 1 = 3*r - 3*o - 95, 5*r - 3*o - 164 = 0. What is the remainder when r is divided by 19?
15
Let f(v) = -v**3 - 8*v**2 - 6*v - 5. Let y be f(-7). Let p = 17 - y. Let m = -19 + p. Calculate the remainder when 19 is divided by m.
9
Suppose -53 = -3*a - r, -71 = -4*a - r - 0*r. What is the remainder when 67 is divided by a?
13
Suppose 3*l + 1 = -2, 4*n - 70 = 2*l. Let u(c) = 8*c + 16. What is the remainder when u(4) is divided by n?
14
Let j = 23 - 1. Calculate the remainder when 63 is divided by j.
19
Let i(c) = -c**3 + 6*c**2 - c - 4. What is the remainder when (4/(-6))/(16/(-696)) is divided by i(5)?
13
Let k = 5 + 2. Let p be 2/((2/17)/1). Suppose 3*j = -2*j - 25, -2*t - 5*j - p = 0. What is the remainder when k is divided by t?
3
Let p(x) = 2*x - 8. Let r be p(8). Suppose 5*y - y = r. Suppose 0*h - h - 15 = -2*f, 3*h - 19 = -y*f. Calculate the remainder when 22 is divided by f.
6
Let d = 37 - 22. Suppose -2*f + d = 3*h, 5*f + 3*h - 30 = 12. Suppose 3*a - 3*o - 18 = 0, -1 = 2*a + 5*o - 6. What is the remainder when f is divided by a?
4
Suppose 3*r + 82 = k, -r - 421 = -5*k + 3*r. What is the remainder when k is divided by 11?
8
Let b(c) = c**3 - 2*c**2 - c - 4. Let m = -9 + 3. Let g = -5 - m. Calculate the remainder when b(3) is divided by g.
0
Let l = 9 + -7. What is the remainder when 3 is divided by l?
1
Let y = -47 + 73. Suppose -y - 2 = -2*q. What is the remainder when q is divided by 8?
6
Let t = 80 - 50. What is the remainder when t is divided by 16?
14
Let y(h) = -h - 1. Let n be y(-3). Suppose n*r - 60 = -2*r. Calculate the remainder when 42 is divided by r.
12
Let u be 5*1 - (-2 + 5). Suppose 0 = -5*o + u*o + 33. What is the remainder when 21 is divided by o?
10
Suppose -21 = -0*p - 3*p. Let k(n) = n**2 - 3 + 1 + 7 - 6*n. Calculate the remainder when 22 is divided by k(p).
10
Suppose -5*g + 4*y = -225, -g = 3*y - 13 - 13. What is the remainder when g is divided by 11?
8
Suppose 0 = 2*c + c + 5*s - 13, 5*c + 5*s - 25 = 0. Let m(p) = -p**2 + 8*p - 1. Calculate the remainder when m(6) is divided by c.
5
Let d(p) = -p**3 + 5*p**2 + 8*p - 1. Calculate the remainder when 33 - (1/(-8) - 136/(-64)) is divided by d(6).
9
Let o be (-5 - 2)*36/(-7). Suppose 0 = l + 3*v - o, 0*l = 3*l + v - 84. What is the remainder when l is divided by 7?
6
Suppose 3*s - 5*y - 32 = -y, -2*s - 3*y = 7. Suppose -18 = -2*w - 2*x + 6, 2 = w - x. Calculate the remainder when w is divided by s.
3
Suppose n - 42 = -2*a, 63 = 3*a + 2*n + 3*n. What is the remainder when 39 is divided by a?
18
Let j be 5/(15/6) + -1. Suppose -r + 3 = -j. What is the remainder when (232/r)/(1*2) is divided by 10?
9
Let v(w) = w**3 + 7*w**2. Let t be 3*14/(-12)*2. Let z be v(t). Let m(b) = -b**3 - b**2 + b + 14. Calculate the remainder when m(z) is divided by 8.
6
Let g = 54 - 32. Calculate the remainder when g is divided by 5.
2
Suppose 5*v + 4*k = -8, 0*k - 8 = v + 4*k. Suppose v = -4*s + 7 + 157. What is the remainder when s is divided by 2 - -17 - (-3 + 1)?
20
Calculate the remainder when 42 is divided by (-88)/(-2)*3/6.
20
Suppose -5*f - z = z - 51, 2*z = -3*f + 33. What is the remainder when f is divided by 3?
0
Let x = -6 + 12. Calculate the remainder when 11 is divided by x.
5
Let n = 6 + 1. Let x(f) = -f**3 - 5*f**2 - 5*f - 3. Let m be x(-4). What is the remainder when 12 - m - (0 + -2) is divided by n?
6
Suppose 15 = 3*r, 0 = -v - 4*v - 3*r + 25. Suppose -2*q - v*c + 15 = c, 23 = 3*q + 4*c. Calculate the remainder when q is divided by 6.
3
Suppose 0 = -5*p - 4*f + 125, 2*p = -2*p + 5*f + 141. Calculate the remainder when p is divided by (-4)/(-6) - 28/(-3).
9
Let a = -20 - -25. What is the remainder when 19 is divided by a?
4
Suppose 0*x = x - 4, 2*n - 5*x = -12. What is the remainder when 13 is divided by n?
1
Suppose 2*f - 4 = -0. Suppose 38 = -0*q + f*q. Calculate the remainder when 55 is divided by q.
17
Let p = 37 + 9. What is the remainder when p is divided by 16?
14
Let x = 4 - -8. Let q(w) = -w**3 + 6*w**2 + 4*w - 1. Suppose 5*r + 0 = 30. Calculate the remainder when q(r) is divided by x.
11
Suppose r = 4*r - 243. Suppose r = -3*t + 6*t. Calculate the remainder when t is divided by 7.
6
Let c(g) = -g**3 - g**2 - g - 27. Let d be c(0). Let j = 45 + d. Calculate the remainder when j is divided by 10.
8
Let z(m) = 6 - 1 + 2*m + 7*m**2 + 3*m**3 + m**3 - 3*m**3. Calculate the remainder when z(-6) is divided by 8.
5
Let r(n) = 4*n - 13. Let y(m) = m**3 - 4*m**2 - 2*m - 2. Let h be y(5). What is the remainder when r(h) is divided by 10?
9
Suppose -j = 3 - 46. Let y(u) = 22*u**3 + u**2 + u - 1. What is the remainder when j is divided by y(1)?
20
Suppose 2*y = -w - 3, -y - 3*w = -2*w + 4. What is the remainder when (2*51)/3 + y is divided by 12?
11
Let p be (-1 - -2)*(-14 - -1). Let j(x) = -x**3 + x**2 + 22. Let u be j(0). Let c = p + u. Calculate the remainder when 16 is divided b